27 + 375, -5*q - 3048 = -3*o. What is the thousands digit of o?
1
Let m = 10 + -9. Let y be 184/16 - m/(-2). Suppose -3*h + h + 4*t = 0, 0 = -3*t + y. What is the units digit of h?
8
Let h(q) = 83*q + 70. What is the tens digit of h(5)?
8
Let c be 3 - (7 - 2)*1. What is the tens digit of 3/c + 1572/24?
6
Let q(r) = -509*r - 24. What is the hundreds digit of q(-1)?
4
Let d(p) = -15*p**3 - 2*p + 1. Let g be d(3). What is the tens digit of 1/(g/(-405) + -1)?
8
Let y = 13 + -10. Suppose 0 = -y*n + 175 + 170. What is the units digit of n?
5
Suppose -4*w = 5*x - 18, x + 2*w + 2 = 4*w. Suppose -21 - 5 = -x*y. What is the units digit of y?
3
Let j = 15 + -11. Suppose a = -j*c - c - 85, 3*a = 2*c + 17. Let v = c + 23. What is the units digit of v?
7
Let d be -1 - -5 - (3 - 4)/(-1). Suppose -3*r = j - 179, j + 5*r - 709 = -d*j. What is the hundreds digit of j?
1
Suppose 5*i = -m - 16, 5*i = -3*m + 3*i + 4. Suppose -m - 12 = -2*u. Suppose u*y + 14 = 10*y. What is the units digit of y?
7
Let k = 448 - -784. What is the thousands digit of k?
1
Suppose 0 = 2*m + 15 - 845. What is the hundreds digit of m?
4
Let m be 3/((-34)/10 - -4). Suppose m*r - 6*p = -2*p + 162, 4*r + 4*p = 144. Suppose -r - 26 = -q. What is the units digit of q?
0
What is the units digit of (382/1)/2 - -1?
2
Suppose -16*w + 17 + 47 = 0. What is the units digit of w?
4
Suppose -31*v = -22*v - 1566. What is the units digit of v?
4
Suppose -4*x + 32 = -16. What is the units digit of ((-15)/x - -1)/((-4)/3632)?
7
Suppose -2*n = -s + 5*s + 18, -3*s - 4 = n. Let k = n - -8. Let v = -10 - k. What is the units digit of v?
1
Let u be (0/3)/(-2*4/(-8)). Suppose d - 60 - 53 = u. What is the tens digit of d?
1
Let l(u) = -2*u - 13. Let y be l(-7). What is the tens digit of y - (-3 + -1 + -17)?
2
Let b be (-1)/(-5) - (-620)/25. Suppose 3*z - 2*z - b = 0. Suppose 0 = 2*c - 3*c + z. What is the tens digit of c?
2
Let t(z) = -z**3 - z**2 - 18*z + 1213. What is the tens digit of t(0)?
1
Let c be 2734/8 + (-4)/(-16). Suppose c = 4*p - 174. What is the tens digit of p?
2
Let q(d) = -d**3 - 6*d**2 - 2*d - 9. Let l be q(-6). Suppose -l*n + 2*n = -6. What is the units digit of n?
6
Suppose 45*r - 14053 = 32*r. What is the hundreds digit of r?
0
What is the tens digit of (18/(-36))/((-1)/878)?
3
Let a be 5 - -107 - (1 - 1). Let s = -53 + a. What is the units digit of s?
9
Let d(j) = -j**2 + 5*j + 6. Let f be d(6). Suppose 2*q + 228 = 5*r + 5*q, f = 3*r - q - 148. What is the tens digit of r?
4
Let k be (-43 + 2)*20/2. Let u be -17 - (-1)/1*2. What is the tens digit of k/u + (-4)/(-6)?
2
Let m(j) = 1007*j - 2. Let k be m(1). What is the tens digit of ((-5)/2)/5 + k/10?
0
Suppose -5*v + 70 = l + 4*l, 5*l = -3*v + 48. Let u be (-39)/12*(2 + -22). Suppose -5*a - u = -5*s, -s + 4*s = -4*a + v. What is the units digit of s?
9
Let h = 247 + -112. What is the hundreds digit of h?
1
Let y = 976 - 575. What is the tens digit of y?
0
Suppose 13*v = 2*v + 1529. Suppose -6*x + 5*x = -v. What is the tens digit of x?
3
Suppose 0 = -l + 3374 + 742. What is the thousands digit of l?
4
Suppose 620*o = 625*o - 1225. What is the tens digit of o?
4
Suppose -12*c + 982 = -10*c. What is the units digit of c?
1
Let j = -427 - -305. Let u = j + 152. What is the units digit of u?
0
What is the units digit of (0/(-10) - 1)/(1/(-5171))?
1
Let k(h) = 2003*h**2 + 2*h - 1. What is the hundreds digit of k(1)?
0
Let i be 10 - (-4 - (-1 + -2)). Let h be i/(-2)*2/1. Let l(d) = d**2 + 12*d + 14. What is the units digit of l(h)?
3
Let n(b) = b**3 + 21*b**2 + 20*b + 2. Let j be n(-20). Suppose 350 = 5*l + 5*z, 5*l - 2*z - 314 = j*z. What is the units digit of l?
6
What is the units digit of 6*(12 + 34243/66)?
5
Let c = -406 - -588. What is the units digit of (c/35)/((-1)/(-25))?
0
Suppose 17 = o + 4*k, 3 = o - k + 1. Suppose 0 = -o*w + 2*w + 162. What is the units digit of w?
4
Let k(h) = -h - 28. Let z be k(-29). Suppose -3*s + 0*x - 2*x + 7 = 0, 5*s - 12 = -3*x. Suppose s = 4*l - z. What is the units digit of l?
1
Let d = 1 + 5. What is the tens digit of (2/d)/((-2)/(-72))?
1
Let s be (9 + -9)*1*-1. Suppose 2*c + s*c = -12. Let g = c + 19. What is the units digit of g?
3
Suppose -i = -0 - 2. Suppose 0*m - 144 = -16*m. Suppose 0 = -i*x - x + m. What is the units digit of x?
3
Let y(h) = 17 - 4*h**2 + 11*h + 7*h**2 + 0. What is the hundreds digit of y(-10)?
2
Suppose 0 = -12*z + 23*z - 4092. What is the hundreds digit of z?
3
Suppose -3*o = -1110 - 189. Let x = o + -191. What is the hundreds digit of x?
2
Suppose 14*s = -1609 + 265. What is the units digit of 12*((-776)/s + 2/(-6))?
3
Suppose -2*i = 0, 2*n + 0*i - 84 = 2*i. Suppose 5*m - 6*u = -2*u - 1, -5*u = 3*m - 29. Suppose m*d - 12 = n. What is the units digit of d?
8
Let z = 2931 + -1578. What is the units digit of z?
3
Suppose -1000 = -11*s + 705. Suppose 0*l = 3*l + 5*b - s, 0 = 4*l - 4*b - 164. What is the tens digit of l?
4
Suppose -9*c + x = -7*c - 5485, 3*c - 8229 = 3*x. What is the tens digit of c?
4
Suppose 40*d - 4735 - 15025 = 0. What is the hundreds digit of d?
4
Let f(d) = d**3 - 33*d**2 - 11*d - 124. What is the units digit of f(34)?
8
Suppose -4*g = -5*w + 709, 3*w - g = -0*g + 424. Suppose 3*q = b + w, 5*b - 53 - 88 = -3*q. What is the tens digit of q?
4
Suppose 3*n + 3*n = 18. Suppose -n*x + f = -187, 6*x - 4*x + 4*f = 120. What is the tens digit of x?
6
Suppose 341*z - 292 = 339*z. Let t = z + -14. What is the units digit of t?
2
Let q be 6/(-15) - (-56)/40. What is the tens digit of (q/(-2))/((-22)/3212)?
7
Let i = 2557 + -711. What is the units digit of i?
6
Let n = 35 - -15. What is the units digit of n?
0
Suppose -g + 5*f = -1128, -2*g - 3*f = -4*g + 2221. What is the tens digit of g?
0
Let b be -3*(-4)/(60/(-55)). Suppose -40 = 4*l + l. Let t = l - b. What is the units digit of t?
3
Suppose -2184 = -2*k - 2*k + 4*g, 15 = -5*g. What is the hundreds digit of k?
5
Suppose 0 = 17*l - 21*l + 360. What is the tens digit of l?
9
Let i be -4 - (59/1 + -2). Let x = -6 - i. Let l = x - 31. What is the tens digit of l?
2
Suppose -15*u + 408 + 3777 = 0. What is the tens digit of u?
7
Let q be -7 - -7 - -1 - (-15 + 0). Suppose -23*n + 665 = -q*n. What is the units digit of n?
5
Let q(u) = -646*u + 306. What is the hundreds digit of q(-3)?
2
Suppose 5*v - 1009 = -2*l, -5*l + 1032 = 5*v + 17. Suppose -2*r - v = -p - 6*r, -369 = -2*p + 3*r. What is the units digit of p?
9
Suppose -2*l + 1034 = -2*y, 0 = 5*l - 3*l - 3*y - 1033. Suppose 0 = -4*h - 50 + l. What is the hundreds digit of h?
1
What is the hundreds digit of ((-5)/5)/(8832/(-1766) - -5)?
8
Let h = -563 - -2230. What is the units digit of h?
7
Let j(k) = 16*k**2 - 52*k - 14. What is the units digit of j(8)?
4
Let t(p) = -2*p**3 + 3*p**2 + 7*p + 36. What is the hundreds digit of t(-8)?
1
Let b(s) = -s**3 + 9*s**2 + 7*s - 12. What is the tens digit of b(-5)?
0
Let z be (-1)/((-4)/8) + 3. Suppose 15*q = 16*q. Suppose q = -z*o + 92 + 83. What is the tens digit of o?
3
Suppose -20*t + 5*t = -36480. What is the hundreds digit of t?
4
Suppose 2*f - 5 = -25. Let r be (-11)/4*(2 - f). Let i = r + 49. What is the units digit of i?
6
Let s(l) = l**2 + 9*l - 7. Let x be s(-10). Suppose 6*z + 99 = 2*z + 3*f, -3*z = -x*f + 78. Let r = z + 38. What is the tens digit of r?
1
Let f(p) = 5 - 4*p + 2 - 14 - 16. What is the units digit of f(-12)?
5
Let k(v) = 2*v**3 - 2*v**2 - 3*v + 2. Let i be k(2). Suppose i*p - 68 = 168. What is the units digit of p?
9
Suppose 5*c = -25, -u - 4*c + 2124 = -c. What is the tens digit of u?
3
Let j be 2 - (3 + 1) - -4. Suppose j*d = -4*d + 618. What is the tens digit of d?
0
Suppose -3*v + 4*v = 61. Let m = v + 5. What is the units digit of m?
6
Let u(b) = 2041*b**2 + b - 8. What is the units digit of u(1)?
4
Let c be 1 + -1 + 12/(-4). Let i(x) = -x**2 - 3*x. Let y be i(c). Suppose l + 4*l - 95 = y. What is the units digit of l?
9
Suppose 5*x = 14*x - 612. Let f = -46 + x. What is the units digit of f?
2
Let x(m) = -79*m + 14. What is the hundreds digit of x(-3)?
2
Let a(d) = -d**3 + 4*d**2 + 11*d + 7. Let p be a(6). Let i(j) = 161*j**2 + j + 1. What is the tens digit of i(p)?
6
Suppose -4*j = -u - 5, 12*j - 8*j = 3*u - 1. What is the hundreds digit of ((-1 - -2) + 0)*441/u?
1
Let f = -53 + 55. Suppose -2*h 